{"version":"1.0","provider_name":"Picto Foundation","provider_url":"https:\/\/www.pictofoundation.fr\/en\/","author_name":"Ericka Weidmann","author_url":"https:\/\/www.pictofoundation.fr\/en\/author\/ericka\/","title":"2nd edition of the Les Femmes s\u2019exposent festival - Picto Foundation","type":"rich","width":600,"height":338,"html":"<blockquote class=\"wp-embedded-content\" data-secret=\"amuGsGq6OT\"><a href=\"https:\/\/www.pictofoundation.fr\/en\/les-femmes-sexposent-2019\/\">2nd edition of the Les Femmes s\u2019exposent festival<\/a><\/blockquote><iframe sandbox=\"allow-scripts\" security=\"restricted\" src=\"https:\/\/www.pictofoundation.fr\/en\/les-femmes-sexposent-2019\/embed\/#?secret=amuGsGq6OT\" width=\"600\" height=\"338\" title=\"&#8220;2nd edition of the Les Femmes s\u2019exposent festival&#8221; &#8212; Picto Foundation\" data-secret=\"amuGsGq6OT\" frameborder=\"0\" marginwidth=\"0\" marginheight=\"0\" scrolling=\"no\" class=\"wp-embedded-content\"><\/iframe><script type=\"text\/javascript\">\n\/* <![CDATA[ *\/\n\/*! This file is auto-generated *\/\n!function(d,l){\"use strict\";l.querySelector&&d.addEventListener&&\"undefined\"!=typeof URL&&(d.wp=d.wp||{},d.wp.receiveEmbedMessage||(d.wp.receiveEmbedMessage=function(e){var t=e.data;if((t||t.secret||t.message||t.value)&&!\/[^a-zA-Z0-9]\/.test(t.secret)){for(var s,r,n,a=l.querySelectorAll('iframe[data-secret=\"'+t.secret+'\"]'),o=l.querySelectorAll('blockquote[data-secret=\"'+t.secret+'\"]'),c=new RegExp(\"^https?:$\",\"i\"),i=0;i<o.length;i++)o[i].style.display=\"none\";for(i=0;i<a.length;i++)s=a[i],e.source===s.contentWindow&&(s.removeAttribute(\"style\"),\"height\"===t.message?(1e3<(r=parseInt(t.value,10))?r=1e3:~~r<200&&(r=200),s.height=r):\"link\"===t.message&&(r=new URL(s.getAttribute(\"src\")),n=new URL(t.value),c.test(n.protocol))&&n.host===r.host&&l.activeElement===s&&(d.top.location.href=t.value))}},d.addEventListener(\"message\",d.wp.receiveEmbedMessage,!1),l.addEventListener(\"DOMContentLoaded\",function(){for(var e,t,s=l.querySelectorAll(\"iframe.wp-embedded-content\"),r=0;r<s.length;r++)(t=(e=s[r]).getAttribute(\"data-secret\"))||(t=Math.random().toString(36).substring(2,12),e.src+=\"#?secret=\"+t,e.setAttribute(\"data-secret\",t)),e.contentWindow.postMessage({message:\"ready\",secret:t},\"*\")},!1)))}(window,document);\n\/\/# sourceURL=https:\/\/www.pictofoundation.fr\/wp-includes\/js\/wp-embed.min.js\n\/* ]]> *\/\n<\/script>\n","thumbnail_url":"https:\/\/www.pictofoundation.fr\/wp-content\/uploads\/2021\/07\/Ouka-Leele-scaled.jpeg","thumbnail_width":2560,"thumbnail_height":1893,"description":"Cette ann\u00e9e encore, Picto Foundation renouvelle son soutien au\u00a0festival Les Femmes s\u2019exposent qui inaugure sa quatri\u00e8me \u00e9dition le 8 juin 2021. Pour une dur\u00e9e de presque deux mois, vous pourrez visiter les 15 expositions en ext\u00e9rieur, dans la petite commune d'Houlgate, en Normandie. Cette manifestation rend hommage aux femmes photographes professionnelles, tous genres confondus. C'est Ir\u00e8ne Jonas qui a \u00e9t\u00e9 nomm\u00e9 marraine de cette \u00e9dition 2021."}

Cette année encore, Picto Foundation renouvelle son soutien au festival Les Femmes s’exposent qui inaugure sa quatrième édition le 8 juin 2021. Pour une durée de presque deux mois, vous pourrez visiter les 15 expositions en extérieur, dans la petite commune d'Houlgate, en Normandie. Cette manifestation rend hommage aux femmes photographes professionnelles, tous genres confondus. C'est Irène Jonas qui a été nommé marraine de cette édition 2021.
